 factors of 523982?
2, 19, 13789
List the prime factors of 1055264.
2, 7, 673
What are the prime factors of 905320?
2, 5, 13, 1741
What are the prime factors of 73412?
2, 18353
What are the prime factors of 1187270?
2, 5, 7, 2423
List the prime factors of 5372342.
2, 173, 15527
What are the prime factors of 310596?
2, 3, 11, 13, 181
List the prime factors of 357372.
2, 3, 1103
What are the prime factors of 244701?
3, 19, 53
List the prime factors of 226721.
11, 20611
What are the prime factors of 23095893?
3, 7698631
What are the prime factors of 887230?
2, 5, 17, 307
List the prime factors of 149391.
3, 11, 503
What are the prime factors of 264062?
2, 19, 6949
List the prime factors of 7257352.
2, 907169
List the prime factors of 204457.
11, 18587
What are the prime factors of 439167?
3, 146389
List the prime factors of 779037.
3, 7, 37097
List the prime factors of 7428634.
2, 1847, 2011
List the prime factors of 8649457.
47, 184031
List the prime factors of 9304191.
3, 13, 281, 283
What are the prime factors of 131644?
2, 32911
What are the prime factors of 68704?
2, 19, 113
List the prime factors of 4549890.
2, 3, 5, 37, 4099
List the prime factors of 2112990.
2, 3, 5, 11, 19, 337
List the prime factors of 478920.
2, 3, 5, 13, 307
List the prime factors of 4007984.
2, 250499
What are the prime factors of 150354?
2, 3, 8353
List the prime factors of 1447109.
1193, 1213
List the prime factors of 187005.
3, 5, 7, 13, 137
What are the prime factors of 1403919?
3, 11, 29, 163
List the prime factors of 11258527.
7, 79, 20359
What are the prime factors of 15446572?
2, 1559, 2477
What are the prime factors of 1538961?
3, 53, 9679
What are the prime factors of 2387411?
13, 67, 2741
What are the prime factors of 9970654?
2, 31, 160817
List the prime factors of 4757688.
2, 3, 13, 17, 23
List the prime factors of 315425.
5, 11, 31, 37
What are the prime factors of 10630087?
13, 619, 1321
List the prime factors of 450035.
5, 90007
What are the prime factors of 296534?
2, 7, 59, 359
List the prime factors of 86654.
2, 37, 1171
List the prime factors of 9771610.
2, 5, 53, 103, 179
List the prime factors of 33590604.
2, 3, 2799217
What are the prime factors of 1965950?
2, 5, 7, 41, 137
What are the prime factors of 26816?
2, 419
List the prime factors of 863600.
2, 5, 17, 127
List the prime factors of 7409455.
5, 1481891
What are the prime factors of 25431218?
2, 17, 747977
List the prime factors of 632394.
2, 3, 7, 239
What are the prime factors of 186475?
5, 7459
List the prime factors of 1869291.
3, 69233
What are the prime factors of 351928?
2, 43991
List the prime factors of 156109.
156109
What are the prime factors of 1924080?
2, 3, 5, 8017
List the prime factors of 1318245.
3, 5, 23, 3821
List the prime factors of 11970.
2, 3, 5, 7, 19
What are the prime factors of 1018333?
67, 15199
List the prime factors of 900703.
23, 39161
What are the prime factors of 378428?
2, 89, 1063
List the prime factors of 2130914.
2, 401, 2657
What are the prime factors of 1051060?
2, 5, 52553
List the prime factors of 264087.
3, 9781
List the prime factors of 2898108.
2, 3, 19, 223
List the prime factors of 315922.
2, 137, 1153
List the prime factors of 648606.
2, 3, 7, 15443
What are the prime factors of 13972335?
3, 5, 13, 79, 907
List the prime factors of 155920.
2, 5, 1949
List the prime factors of 156891.
3, 7, 31, 241
List the prime factors of 13854535.
5, 2770907
What are the prime factors of 292855?
5, 37, 1583
What are the prime factors of 2608551?
3, 11, 8783
What are the prime factors of 609707?
7, 23, 541
List the prime factors of 2338808.
2, 292351
What are the prime factors of 1378127?
19, 72533
List the prime factors of 535284.
2, 3, 14869
List the prime factors of 37970.
2, 5, 3797
What are the prime factors of 370608?
2, 3, 7, 1103
List the prime factors of 158617.
158617
List the prime factors of 5302083.
3, 19, 167, 557
List the prime factors of 224264.
2, 17, 97
What are the prime factors of 689169?
3, 13, 41, 431
List the prime factors of 955940.
2, 5, 47797
What are the prime factors of 4914626?
2, 389, 6317
List the prime factors of 3868654.
2, 1934327
What are the prime factors of 1981109?
13, 152393
What are the prime factors of 137075?
5, 5483
List the prime factors of 465703.
7, 66529
What are the prime factors of 1981155?
3, 5, 11, 12007
What are the prime factors of 7472652?
2, 3, 11, 56611
What are the prime factors of 357038?
2, 11, 16229
What are the prime factors of 210390?
2, 3, 5, 7013
List the prime factors of 8823993.
3, 97, 30323
What are the prime factors of 19926?
2, 3, 41
List the prime factors of 4538765.
5, 7, 11, 11789
What are the prime factors of 4507139?
7, 13, 49529
List the prime factors of 389836.
2, 97459
What are the prime factors of 204927?
3, 83, 823
List the prime factors of 493353.
3, 7, 41, 191
What are the prime factors of 13606555?
5, 1511, 1801
What are the prime factors of 20335739?
157, 129527
List the prime factors of 4389698.
2, 43, 51043
List the prime factors of 8880262.
2, 4440131
What are the prime factors of 1303953?
3, 7, 31, 2003
List the prime factors of 102113.
11, 9283
What are the prime factors of 2071456?
2, 19, 3407
What are the prime factors of 375374?
2, 187687
What are the prime factors of 346429?
346429
What are the prime factors of 471275?
5, 7, 2693
List the prime factors of 43757.
7, 19, 47
What are the prime factors of 25345299?
3, 7, 24631
List the prime factors of 3241532.
2, 7, 115769
List the prime factors of 867603.
3, 11, 61, 431
What are the prime factors of 3380270?
2, 5, 338027
What are the prime factors of 328564?
2, 82141
List the prime factors of 20663746.
2, 53, 151, 1291
List the prime factors of 9302348.
2, 11, 53, 3989
What are the prime factors of 6335731?
6335731
List the prime factors of 9553975.
5, 257, 1487
What are the prime factors of 3568643?
13, 211, 1301
What are the prime factors of 15063929?
947, 15907
List the prime factors of 1840445.
5, 368089
List the prime factors of 425913.
3, 141971
What are the prime factors of 11939871?
3, 3979957
What are the prime factors of 322028?
2, 7, 31, 53
List the prime factors of 248840.
2, 5, 6221
List the prime factors of 1734856.
2, 37, 5861
What are the prime factors of 11234295?
3, 5, 27739
What are the prime factors of 5214537?
3, 23, 311
What are the prime factors of 126293?
17, 19, 23
What are the prime factors of 1095159?
3, 13, 28081
List the prime factors of 1786218.
2, 3, 7, 71, 599
What are the prime factors of 20194036?
2, 19, 265711
List the prime factors of 554636.
2, 313, 443
List the prime factors of 59091.
3, 19697
What are the prime factors of 746825?
5, 29873
What are the prime factors of 26048960?
2, 5, 7, 29, 401
List the prime factors of 21353695.
5, 11, 199, 1951
List the prime factors of 1592750.
2, 5, 23, 277
What are the prime factors of 687233?
687233
What are the prime factors of 4168072?
2, 521009
What are the prime factors of 4141162?
2, 2070581
List the prime factors of 6094.
2, 11, 277
List the prime factors of 24943859.
24943859
What are the prime factors of 10420231?
367, 28393
List the prime factors of 218318.
2, 109159
List the prime factors of 338642.
2, 169321
List the prime factors of 6310745.
5, 7, 180307
What are the prime factors of 3025541?
17, 19, 29
List the prime factors of 3539059.
3539059
List the prime factors of 66499.
66499
What are the prime factors of 3159351?
3, 13, 9001
What are the prime factors of 7626835?
5, 1525367
List the prime factors of 83243.
83243
What are the prime factors of 13089607?
13089607
What are the prime factors of 441787?
441787
What are the prime factors of 31461423?
3, 7, 43, 34841
What are the prime factors of 8685599?
13, 89, 7507
What are the prime factors of 20358428?
2, 5089607
List the prime factors of 75302.
2, 23, 1637
What are the prime factors of 26087740?
2, 5, 7, 31, 6011
What are the prime factors of 648270?
2, 3, 5, 7
List the prime factors of 1606433.
1606433
List the prime factors of 369464.
2, 46183
What are the prime factors of 362373?
3, 11, 79, 139
List the prime factors of 9296602.
2, 7, 664043
List the prime factors of 459931.
23, 19997
What are the prime factors of 342106?
2, 171053
What are the prime factors of 3397